 of 10 and h.
10
Let g be 2*8/(4/4). Calculate the highest common factor of g and 128.
16
Let s(q) = q**2 + 10*q + 17. Let y be s(-10). Calculate the highest common factor of y and 153.
17
Suppose 7*n = 3*n + 12. Suppose 9 = -n*h + 27. What is the greatest common factor of 2 and h?
2
Suppose 16 = 5*p + 6. Suppose p*n = -2*n + 2*x + 22, -2*n = -4*x - 20. What is the highest common divisor of n and 36?
4
Suppose 7*k - 933 = 257. Calculate the greatest common factor of 17 and k.
17
Let j = -3 - -6. Suppose j*c + 3 - 9 = 0. Calculate the greatest common factor of c and 16.
2
Let s be 18/1 - (1 - 1). Let u = 45 + s. What is the highest common divisor of u and 9?
9
Let f = -22 + 31. Let l = f - 26. Let o = -3 - l. What is the greatest common factor of o and 7?
7
Suppose g - 4 = 5. What is the greatest common factor of 27 and g?
9
Suppose 5*y - 6*y - 9 = 0. Let v be (-2)/(-6) + (-15)/y. What is the greatest common divisor of v and 8?
2
Let w = 176 - 96. What is the highest common factor of w and 16?
16
Suppose -36 = -2*u + 28. Let x = -9 + 9. Let k be -24*2*(-1 + x). What is the greatest common factor of u and k?
16
Let h(o) = 13*o**2 - 2*o - 3. Let u be h(3). Calculate the greatest common factor of 27 and u.
27
Let w be (9/12)/(2/8). Suppose 0 = w*o - 16 - 11. Let b(c) = c**2 - 9*c + 20. Let l be b(13). Calculate the highest common divisor of o and l.
9
Let t(r) = -2*r - 15. Let x be t(-11). Suppose -38 = -5*q + x. What is the greatest common divisor of q and 63?
9
Let k(i) = -2*i - 5. Let a be k(-8). Let p = 96 - 63. Suppose p = -g + 4*g. What is the greatest common factor of a and g?
11
Let f be (8/(-5))/(0 - (-2)/(-60)). What is the highest common divisor of f and 3?
3
Let n = 631 - 451. Suppose -5*t = -3*y - 106, 2*t + y = -t + 58. What is the highest common divisor of t and n?
20
Let u = -33 - -42. What is the greatest common factor of 1 and u?
1
Let t = -2 - -5. Suppose -66 = -4*w + t*w. Let p = -19 - -25. Calculate the greatest common factor of p and w.
6
Suppose -2*j + 2*i = -5*j + 24, 5*j - 36 = -2*i. What is the highest common factor of 90 and j?
6
Let m(n) = -n + 6. Let u be m(5). Let r be 18/(-12)*(u + -3). What is the greatest common factor of r and 1?
1
Suppose 6*p - 32 - 238 = 0. What is the highest common divisor of 9 and p?
9
Let g be 155*(-3 + 72/20). Calculate the highest common factor of 31 and g.
31
Suppose -4*q + v = -62, -2*v + 7*v = -10. What is the highest common divisor of 105 and q?
15
Let x = 23 + -6. Let v = 211 + -75. What is the greatest common divisor of v and x?
17
Suppose 0 = 4*z - 2*l - 702, -4*z + 525 = -z - 3*l. Calculate the greatest common divisor of z and 16.
16
Let m(o) = -o**3 + 2*o**2 + 3*o + 4. Let n = -4 + 4. Suppose n*x = 3*c - 2*x + 8, 3*c + 14 = -x. Let z be m(c). What is the highest common factor of z and 11?
11
Let p be (-2)/(-6) - 85/(-15). Suppose -3*a - 189 = -p*a. What is the highest common divisor of a and 7?
7
Suppose -y + 2 = 4. Suppose 5*l - 117 = 18. Let i be l - ((-1 - -5) + y). Calculate the greatest common divisor of 10 and i.
5
Suppose 224 = b + 3*b. Let j(t) = t**2 - 5*t + 8. Let q be j(6). Suppose -c = -b + q. What is the highest common divisor of c and 28?
14
Suppose q - 44 = 28. Calculate the highest common divisor of q and 8.
8
Let y = 9 + -2. Let c be (-1)/(-2) + 110/4. What is the greatest common divisor of y and c?
7
Let x = -14 - -50. Calculate the greatest common divisor of 54 and x.
18
Let z be (-4)/10 - 96/10. Let m be (-6)/z + 111/15. Suppose w = -3*w + m. Calculate the greatest common divisor of 14 and w.
2
Suppose 94 = m + 5*t, 5*t = 4*m - 191 - 210. What is the greatest common factor of m and 9?
9
Suppose 256 = -u + 3*u. Let r = -2 - -2. Suppose -5*t + r*d + 100 = 4*d, 57 = 2*t + 5*d. Calculate the highest common factor of t and u.
16
Suppose -100 - 180 = -14*s. Calculate the greatest common divisor of 260 and s.
20
Let t(u) = -u - 12. Let c be t(0). Let a be 24*(c/9 - -2). Let h = 0 - -2. What is the highest common divisor of a and h?
2
Suppose 0 = -4*l - 9 + 57. Let v be -1 + -1 + (5 - 0). What is the greatest common divisor of v and l?
3
Let s = 8 - 15. Let d(r) = r + 0*r - 3*r - 4. Let j be d(s). Calculate the highest common divisor of 10 and j.
10
Let s(h) = -h**3 + 21*h**2 - 20*h + 1. Let i be s(20). What is the highest common factor of 7 and i?
1
Let a(l) = 5*l**2 - 2*l**3 + 0*l**3 + 1 - 3*l**2 - 4*l**2 - l. Let x be a(-2). Calculate the greatest common divisor of 77 and x.
11
Let b(w) = w**2 + 6*w + 5. Let x be b(5). Let y = 49 + -34. Calculate the greatest common divisor of x and y.
15
Let t(g) = 16*g**2 + g. Let x be t(-1). Let f = -152 + 257. What is the greatest common divisor of x and f?
15
Let j = -2 - -5. Suppose -2*f + 2*r + 8 = -0*r, -2 = -4*f - j*r. Calculate the greatest common factor of 4 and f.
2
Suppose -2*l + 13 = -15. What is the highest common factor of 28 and l?
14
Let l = 33 - 25. Calculate the highest common divisor of 64 and l.
8
Suppose -6*z + 44 = -2*z. Suppose 2*d - 57 = -3*q - 0*q, 4*d = -q + 129. What is the greatest common factor of d and z?
11
Let q(a) = a**2 + 7*a + 5. Let p be q(-7). Suppose -p*d - 27 = -8*d. Calculate the greatest common factor of d and 36.
9
Let n be 6/21 + (-1754)/14. Let j = 251 + n. What is the highest common divisor of j and 18?
18
Let w(d) = d**3 + 13*d**2 - 3*d + 7. Let u be w(-12). Calculate the greatest common divisor of u and 17.
17
Let y be (2 - -47)*1 - (-2 + 5). What is the greatest common divisor of y and 414?
46
Suppose 4*z - 12 = 44. What is the highest common divisor of z and 14?
14
Let n(a) = 5*a**3 - 25*a**2 + 5*a - 17. Let l be n(5). Let r = 2 - -38. What is the greatest common factor of r and l?
8
Suppose -q - 4*q - 15 = 0. Let f(a) = -a**2 - 6*a - 2. Let m be f(-4). Let b = q + m. What is the highest common factor of 33 and b?
3
Let r = 2 + 1. Let w be (0 - -1)/(r/30). Calculate the highest common divisor of w and 30.
10
Let z = 126 - 118. Let m = -2 - -5. Suppose b = m + 1. What is the greatest common factor of z and b?
4
Suppose 0 = -q + 4*s - 9, 5*q - 2*q + s = -40. Let g = q - -23. Calculate the highest common divisor of g and 25.
5
Let a(j) = 9*j - 3. Let c = 3 + -1. Let x be a(c). What is the greatest common factor of 30 and x?
15
Let n be (7/(-3) - -3)*-9. Let g = 8 + n. Suppose x + 3 = g*x. Calculate the highest common divisor of 24 and x.
3
Suppose v - 1 = 3. Let s = 5 + v. Calculate the greatest common factor of 18 and s.
9
Let x = 249 - 153. Calculate the highest common factor of 12 and x.
12
Let s = 18 + -9. Suppose 3*f = 5*k - 6, -3*f + 5 = -2*k + 2. Calculate the greatest common divisor of s and f.
3
Let x = 33 - 3. Let i = 261 + -186. What is the highest common factor of i and x?
15
Let j = 0 + 2. Suppose 0 = 2*f + 4*t - 178, -j*f + 2*t + 3*t = -133. Suppose 1 + f = 2*w. What is the greatest common divisor of w and 5?
5
Let y = -131 - -339. Suppose 0 = 5*m - 167 - y. What is the greatest common divisor of m and 15?
15
Let z(w) = -2*w - 1. Let p be z(-5). Suppose o - 5 = p. What is the greatest common factor of o and 56?
14
Let m(b) = 5*b - 4*b + 0*b**2 + 2*b**2. Let f be m(1). Calculate the highest common factor of f and 1.
1
Suppose -z + 0*z = -5. Let u = -7 + z. Let l(r) = r**2 - 2*r - 1. Let o be l(u). What is the greatest common divisor of 56 and o?
7
Let b(l) = -3*l**3 - 2*l**2 - 2*l + 4. Let z be b(-2). What is the greatest common factor of 3 and z?
3
Suppose -5*w - h + 156 = 0, 48 = 4*w - 3*w - 4*h. Let t be 1/(482/160 - 3). Calculate the highest common divisor of t and w.
16
Let p be 4 + -7 - (-25)/1. Calculate the greatest common divisor of p and 176.
22
Suppose 0 = -5*h - 1 + 16. Suppose -10 = 2*k + h*k. Let q = 1 - k. What is the greatest common factor of q and 27?
3
Let k(v) = -3*v + 4. Suppose r - 13 = -4*h, -7*r + 29 = 2*h - 2*r. Suppose 0 + 8 = -h*s. Let i be k(s). Calculate the highest common divisor of i and 40.
8
Let j = 18 + -34. Let g = 19 + j. Calculate the greatest common factor of g and 1.
1
Let z(m) = 32*m + 1. Let i be z(1). Let g(r) = r**3 - 7*r**2 + 8*r - 9. Suppose 4*y = 7 + 17. Let b be g(y). Calculate the greatest common factor of i and b.
3
Let c(b) = -b + 11. Let d be c(9). What is the highest common factor of 2 and d?
2
Suppose 2*q + 15 = -q. 